he greatest common factor of 2 and w?
2
Let h(m) = -65*m + 1. Let b be h(-1). Suppose -4*f + 3*n + b = -f, 2*f - 38 = 5*n. Calculate the greatest common factor of f and 16.
8
Let w(r) be the second derivative of r**5/20 - 11*r**4/12 + 11*r**3/6 - 2*r**2 + r. Let n be w(10). What is the highest common factor of n and 6?
6
Suppose -4*l + 2*x + 33 = 11, 2*x = 2. What is the highest common divisor of l and 66?
6
Let y = -99 + 175. What is the greatest common factor of 190 and y?
38
Let y(k) = -31*k - 1. Let w be y(-1). Let z = -21 - -35. Suppose -3*u + 5*h = -37 - 38, -u - 2*h + z = 0. What is the greatest common factor of u and w?
10
Suppose -100 = -a - 0*a - k, 180 = 2*a - 3*k. Let t be (-8)/(33/(-9) - -3). What is the greatest common factor of t and a?
12
Suppose -2*w = -4*d - 0*d + 180, -2*w + 135 = 3*d. Let p = d + -27. Let s = -71 + 233. Calculate the greatest common divisor of p and s.
18
Suppose -27 = -6*s - 9. Suppose 5 + 274 = s*i. What is the greatest common divisor of 31 and i?
31
Suppose 3*x - 6*x = -12. Let s be -3 - -21 - 3 - x. Let v(r) = 9*r**2 + 2*r + 2. Let a be v(-3). What is the greatest common factor of s and a?
11
Let j(k) = -28*k + 7. Let s be j(-6). Calculate the highest common factor of 70 and s.
35
Let r = 24 + 8. Let l be (r/12)/((-1)/(-3)). Calculate the highest common divisor of l and 8.
8
Let m = 10 + 0. Let j be 24/2 + -2 + 0. What is the highest common factor of m and j?
10
Let m(x) = x**2 - 2*x - 5. Let q be m(-4). What is the highest common factor of 76 and q?
19
Let f = 3 - 1. Suppose 0*s - 483 = -3*s - 3*o, 3*s = -f*o + 483. Let w = -7 + s. What is the highest common factor of 14 and w?
14
Suppose -2*m - 2*m - 44 = -i, 0 = -2*i - 4*m + 28. What is the greatest common factor of 24 and i?
24
Let q(c) = -c**3 - 3*c**2 + 7*c - 4. Let m be q(4). Let b = m - -130. What is the greatest common factor of 14 and b?
14
Suppose 4*o + 34 = 3*l, 0*o + 4 = -o. Let k(h) = h**3 - 4*h**2 - 5*h + 7. Let p be k(5). Let u = p - 4. Calculate the greatest common divisor of u and l.
3
Suppose 4*r = 4 - 20. Let u(i) = i**3 - 5*i - 3 - 3 + 4*i**2 + 2 + 2. Let n be u(r). Calculate the greatest common divisor of 9 and n.
9
Suppose 0 = 13*r - 228 + 20. What is the greatest common divisor of r and 32?
16
Let p(k) = 3*k**3 + 2*k**2 - 8*k + 5. Let a be p(3). Let i = 19 + -9. Calculate the greatest common factor of i and a.
10
Let i = 48 + -45. Calculate the highest common factor of 3 and i.
3
Let c be 0/(0/(-3) - -1). Suppose -z - 2*z + 9 = c. Suppose -z*g - 4*i = -91 + 25, -g + 24 = 2*i. What is the highest common divisor of g and 144?
18
Suppose 2*i + 5 = 1. Suppose 2*n = 5*n + 4*u - 77, -2*u = -5*n + 111. Let s = i + n. What is the highest common factor of 84 and s?
21
Suppose -7*s + 4*s + 5*u + 41 = 0, 2*s - 2*u - 26 = 0. What is the greatest common divisor of 2 and s?
2
Let x(k) = 3*k**2 + 2*k + 4. Let b be x(4). Calculate the highest common factor of 24 and b.
12
Let n(y) = -16*y**3 - y**2 + 3*y + 1. Let c be n(-2). Suppose 0*l = -l + c. What is the greatest common factor of 17 and l?
17
Suppose -6*x + 9 = -3*x. Suppose -18 = 2*w + 5*l, 23 = 4*w - x*l + 7. Suppose -2*v + 5 = -11. What is the greatest common factor of v and w?
1
Let k(b) = -b**2 - 9*b - 2. Let o be k(-6). Suppose r - 5*q + 51 = 17, 2 = 2*r + 4*q. Let n = o + r. What is the highest common divisor of 21 and n?
7
Let y be (-28)/(-8)*(-2)/(-1). Let v = 12 - y. Let t be 587/13 + (-14)/91. Calculate the highest common divisor of t and v.
5
Let p(h) = -h**3 - 6*h**2 - 4*h + 7. Let v be p(-5). Let f = v + 1. What is the highest common factor of 6 and f?
3
Let x = -6 - -13. Calculate the greatest common factor of x and 28.
7
Let p = 164 + -99. Let z = -14 + 27. Calculate the highest common divisor of z and p.
13
Let h(y) = y**2 + 11*y + 22. Let k be h(-10). Let o be 334/7 + 2/7. What is the greatest common factor of k and o?
12
Suppose -18*n = -14*n - 1496. What is the greatest common divisor of 34 and n?
34
Suppose -4*y + 102 = -2*t, -4*y - y + t + 132 = 0. What is the highest common divisor of y and 54?
27
Let q be (-8)/(-10)*(-100)/(-8). What is the highest common divisor of 50 and q?
10
Let q(x) = -21*x**2 - 3*x. Let f be q(-2). Let k = f - -138. What is the highest common divisor of k and 10?
10
Suppose 0 = -r - 3*r. Suppose r = -4*o + 28 + 40. What is the greatest common factor of 187 and o?
17
Let r(g) = 2 + g + 5 + 5. Let p be r(-6). Let v = 101 - 71. What is the highest common factor of p and v?
6
Let p(h) = 8*h**2 + 2*h + 18. Let w be p(-5). Calculate the greatest common divisor of 26 and w.
26
Suppose 13 = 5*p - 4*d, 0*p - 2*p - 2 = -4*d. Suppose -15 = -p*j - c + 1, -j - c = 0. Calculate the greatest common factor of j and 4.
4
Let q = 102 + -37. Let u = 50 + -24. Calculate the highest common factor of q and u.
13
Suppose -3*g - 4 = -4*g. Suppose 3*u - r = -6*r - 4, 0 = -g*u - 4*r. Let d be (36 - 0)/(3/u). Calculate the greatest common factor of 12 and d.
12
Let s be ((-185)/10)/(1/(-2)). Suppose -3*g = -26 - s. What is the greatest common divisor of 3 and g?
3
Suppose 4*m - m = 69. Let t = m - 16. Let k = 50 - 29. What is the highest common divisor of t and k?
7
Suppose n = 2*n - 22. Suppose -3*o - 3*i - i = -80, o - i - n = 0. What is the highest common factor of o and 168?
24
Let o = -17 + 13. Let y be 146 + (-4 - o) - -1. Calculate the highest common divisor of y and 21.
21
Suppose q - 3*d - 1 = 0, -4*d = -3*q + d + 11. Suppose 2*k = q + 5. Calculate the greatest common divisor of 42 and k.
6
Suppose 3*j = m - 2 + 10, j = -m + 12. Let x(w) = w**3 + 9*w**2 + 6*w + 7. Let k be x(-7). What is the highest common factor of m and k?
7
Let u(n) = -n**3 + 7*n**2 - 5*n - 4. Let l be u(6). Suppose -3*v = -l*v - 6. What is the highest common factor of 54 and v?
6
Suppose 0 = -5*b + 39 - 159. Let i = -34 + -4. Let v = b - i. Calculate the highest common factor of 14 and v.
14
Suppose 0*m + m = 14. Let c = 393 - 281. Calculate the highest common factor of m and c.
14
Suppose s = 5*w + 180, 0 = -5*w + 9 + 6. What is the highest common factor of s and 78?
39
Let v(z) = -z**2 - 14*z + 4. Let s = -36 + 22. Let l be v(s). What is the highest common divisor of 12 and l?
4
Suppose 11 + 1 = -4*t. Let b(k) = 8*k**2 - 2*k + 3. Let z be b(t). Calculate the highest common divisor of 9 and z.
9
Let l be ((-5)/15 - 48/(-9))*1. Let i be (-28)/(-3) - 1/3. Let k = 24 - i. Calculate the highest common divisor of l and k.
5
Let z be 2*5/(-20)*-48. Calculate the greatest common divisor of 264 and z.
24
Suppose -79 = -5*h + 1. Suppose 3*x + 152 = 4*n - 3*n, 4*x + h = 0. What is the greatest common factor of 20 and n?
20
Let o(r) = -4*r**2 + 2*r + 1. Let k be o(-1). Let i be k*2/(-2) - 0. What is the highest common factor of i and 55?
5
Suppose -4*q = 3*l - l - 50, -2*l + 17 = q. Let n(b) = -3*b - 7. Let r be n(-6). What is the greatest common factor of q and r?
11
Let m = -45 - -229. Let y be m/4 + (-2 - 0). Suppose -y = -2*i + k, -7*i + 3*k = -2*i - 108. What is the greatest common factor of 3 and i?
3
Let l(t) = -t**3 + 8*t**2 + 11*t + 10. Let u be l(9). What is the greatest common divisor of u and 8?
4
Suppose -5*m - 4*j + 67 = 0, -7*m - 2*j + 61 = -2*m. What is the highest common factor of 77 and m?
11
Let l be (-2)/4*(-8)/(-1). Let m be (l - -5)*2*1. What is the greatest common divisor of m and 16?
2
Let g be 15 + -2*(-2)/(-2). Let n = g - 4. Let q be (-2 - 4 - -4) + 83. Calculate the greatest common divisor of q and n.
9
Let n(m) = -6*m - 1. Let z be n(-1). Suppose 2*r + 3 = 3*g - 1, -5*r = -z*g. Let j be 10/1 - (r + -4). Calculate the highest common factor of j and 2.
2
Let w = 0 - 1. Let s be -2 + 15 - w - -1. Let x = 1 + s. What is the greatest common factor of x and 112?
16
Suppose 5 = -5*n - 0. Let d be -1 + 0 - -4 - 0. Let x be 72/6*(d - n). Calculate the greatest common divisor of x and 12.
12
Let t = 24 - -6. Calculate the greatest common divisor of 5 and t.
5
Let z be (-3)/((-10)/15*9/6). What is the highest common divisor of z and 1?
1
Let b = -19 + 33. Let u be (56/(-3))/((-16)/24). Calculate the greatest common divisor of u and b.
14
Let y = 372 - -24. Calculate the greatest common divisor of y and 36.
36
Let n = -137 + 273. What is the greatest common factor of 17 and n?
17
